4 and 72.
24
Calculate the greatest common divisor of 2247200 and 2800.
400
Calculate the highest common factor of 110564030 and 20.
10
Calculate the highest common divisor of 15172 and 12020.
4
What is the highest common divisor of 7086612 and 26?
26
Calculate the greatest common divisor of 236131 and 211365.
427
Calculate the highest common divisor of 32056 and 11391901.
4007
What is the highest common divisor of 926 and 20266?
2
What is the highest common factor of 41380360 and 120?
40
Calculate the highest common divisor of 982943 and 1287.
13
Calculate the highest common factor of 189 and 81435529.
7
Calculate the highest common divisor of 4785 and 24539655.
435
Calculate the greatest common divisor of 82 and 2348726.
82
Calculate the greatest common divisor of 57408 and 232011.
39
What is the greatest common divisor of 759 and 22200849?
33
What is the greatest common factor of 20036628 and 9?
9
What is the greatest common divisor of 45373 and 521397?
157
What is the highest common divisor of 31925200 and 30?
10
Calculate the highest common divisor of 163768192 and 588.
196
Calculate the greatest common divisor of 1345880 and 652.
4
What is the highest common divisor of 35859234 and 894?
894
What is the greatest common factor of 566415 and 2250?
45
What is the highest common factor of 394424 and 42864?
376
Calculate the greatest common divisor of 753296 and 8743312.
8464
What is the highest common divisor of 58 and 114178858?
58
Calculate the highest common divisor of 76518 and 237276.
702
Calculate the highest common divisor of 375 and 1590195.
15
What is the greatest common divisor of 16 and 53669520?
16
Calculate the highest common divisor of 164 and 722025088.
164
Calculate the highest common divisor of 9064511 and 21940.
1097
Calculate the greatest common divisor of 26 and 361986040.
26
What is the greatest common divisor of 36406 and 208583?
167
Calculate the highest common factor of 196 and 150682252.
196
What is the highest common factor of 54 and 42397794?
18
Calculate the highest common factor of 113855196 and 123.
123
What is the highest common factor of 326080 and 1637440?
320
Calculate the highest common divisor of 6197576 and 344.
8
What is the greatest common divisor of 24776 and 2288664?
152
What is the greatest common divisor of 2 and 2068478?
2
Calculate the greatest common factor of 20994831 and 468.
117
Calculate the greatest common factor of 18477 and 5237203.
2053
Calculate the highest common divisor of 5 and 46681465.
5
What is the highest common divisor of 5909098 and 234?
26
What is the highest common factor of 200 and 259344?
8
What is the highest common divisor of 30 and 166345625?
5
What is the greatest common factor of 1088 and 4678944?
544
What is the greatest common divisor of 4643184 and 7098?
546
What is the highest common divisor of 78442 and 157547?
13
Calculate the highest common factor of 1640658255 and 1110.
555
Calculate the highest common divisor of 75502 and 448.
14
What is the highest common divisor of 1664 and 120040960?
1664
What is the greatest common divisor of 1144867302 and 18?
18
Calculate the highest common factor of 76 and 40144.
4
Calculate the greatest common factor of 6131791 and 996.
83
Calculate the greatest common divisor of 1195943 and 10927.
49
Calculate the highest common factor of 16 and 14850560.
16
Calculate the greatest common factor of 30 and 78396810.
30
Calculate the greatest common factor of 43194 and 64262.
46
Calculate the highest common factor of 87595240 and 20.
20
Calculate the greatest common divisor of 217399 and 21385.
91
Calculate the greatest common factor of 2466939 and 12.
3
Calculate the highest common divisor of 56524 and 16484.
52
Calculate the highest common factor of 189 and 90221040.
189
What is the highest common divisor of 168474020 and 11?
11
Calculate the greatest common factor of 18701 and 143.
1
Calculate the greatest common divisor of 40527851 and 1281.
427
Calculate the greatest common factor of 2079 and 29085.
21
Calculate the greatest common divisor of 4386186 and 18.
18
Calculate the highest common divisor of 165 and 48899785.
55
Calculate the highest common divisor of 38579 and 27203547.
223
What is the greatest common divisor of 908205 and 35335?
955
Calculate the highest common divisor of 185465 and 3920.
245
What is the highest common divisor of 20517757 and 13?
13
Calculate the greatest common divisor of 168201656 and 280.
56
Calculate the greatest common divisor of 88095 and 2996.
7
Calculate the highest common divisor of 202 and 33419183.
101
What is the greatest common divisor of 186304 and 73982?
142
Calculate the highest common factor of 2358918 and 3654.
522
Calculate the greatest common factor of 216 and 2445336.
216
Calculate the highest common factor of 1695397737 and 33.
33
Calculate the greatest common factor of 9619308 and 32.
4
Calculate the highest common divisor of 462644 and 1409252.
2132
Calculate the highest common factor of 14 and 2104151.
7
Calculate the highest common divisor of 191890 and 320642.
1238
What is the highest common divisor of 328 and 931385848?
328
What is the greatest common factor of 1938 and 146886?
6
Calculate the highest common factor of 324 and 15882534.
54
What is the highest common factor of 6671109 and 171?
57
Calculate the highest common divisor of 21 and 5468134.
7
What is the greatest common factor of 209294 and 8?
2
What is the greatest common divisor of 3070 and 47483690?
3070
What is the highest common divisor of 4611799 and 529?
23
Calculate the highest common factor of 29323585 and 3522.
587
What is the greatest common divisor of 434 and 19247466?
434
Calculate the greatest common divisor of 7312 and 11699657.
457
Calculate the highest common divisor of 756 and 40137120.
108
Calculate the highest common factor of 26805039 and 5289.
129
Calculate the greatest common factor of 1211538 and 30.
6
Calculate the greatest common divisor of 15 and 76200.
15
Calculate the greatest common factor of 12 and 1361397108.
12
Calculate the highest common divisor of 1656 and 79523604.
828
What is the greatest common factor of 1267364 and 28?
28
What is the highest common divisor of 961690 and 2125?
85
Calculate the highest common divisor of 407502308 and 4556.
4556
What is the highest common divisor of 4428 and 19348884?
1476
What is the greatest common factor of 3514 and 6762442?
502
Calculate the highest common divisor of 53612 and 60602180.
4124
Calculate the greatest common factor of 380433 and 10480839.
1803
Calculate the highest common divisor of 312 and 44002824.
24
What is the highest common factor of 52 and 1519406?
2
Calculate the greatest common divisor of 1806 and 112202566.
602
Calculate the highest common divisor of 1783733 and 3959.
37
What is the greatest common factor of 5 and 23662735?
5
What is the highest common divisor of 7052 and 37000?
4
Calculate the greatest common divisor of 224424672 and 177.
177
Calculate the greatest common divisor of 126706915 and 25.
5
Calculate the greatest common factor of 1691420168 and 34.
34
What is the highest common factor of 808 and 68302664?
808
What is the highest common divisor of 18177809 and 299?
13
What is the greatest common factor of 8462022 and 5746?
34
What is the highest common divisor of 96121 and 16841411?
5059
What is the highest common divisor of 1325014 and 24106?
34
Calculate the greatest common factor of 55642730 and 2860.
1430
What is the greatest common divisor of 34001562 and 5628?
2814
What is the greatest common factor of 365435839 and 1791?
199
What is the highest common factor of 4631 and 45177?
11
Calculate the highest common divisor of 1923974 and 884.
26
Calculate the greatest common divisor of 141 and 36271357.
47
Calculate the highest common divisor of 1028 and 636057010.
514
Calculate the highest common divisor of 35 and 148415025.
5
Calculate the highest common divisor of 486040 and 305225.
145
What is the greatest common divisor of 9681264 and 3?
3
What is the highest common divisor of 3527 and 314999897?
3527
What is the greatest common factor of 6504813 and 1778?
889
Calculate the greatest common factor of 121315544 and 1414.
1414
What is the highest common factor of 6494040 and 11025?
315
What is the greatest